 = -4*j + r*c. Calculate the highest common divisor of 21 and j.
21
Let q = -103 - -152. Suppose 2*l - 37 = -2*l - 3*k, -15 = -5*k. What is the highest common factor of l and q?
7
Let r = 12 + 12. Calculate the greatest common divisor of 6 and r.
6
Let q = -2 - 0. Let a be q + (0 - 276/(-3)). Suppose -5*n + 6*n - 36 = 0. Calculate the greatest common divisor of n and a.
18
Suppose -4*f - 4*a - 120 = 0, 2*a - 4*a = -8. Let h = f + 69. What is the greatest common divisor of 5 and h?
5
Let a = 31 - 19. Suppose -4*y = -4*d - 200, -1 = -3*d - 7. What is the highest common factor of a and y?
12
Let m = -87 + 97. Calculate the highest common divisor of m and 20.
10
Let h = 22 + -9. What is the highest common divisor of 13 and h?
13
Suppose 22 = -t + 5*s, s - 35 = -5*t - 3*s. Calculate the greatest common divisor of t and 2.
1
Suppose -2*o - 4*p + 8 = 0, 0 = -3*o - 2*o + 3*p + 46. What is the highest common divisor of 8 and o?
8
Let h(u) = 14*u - 1. Let a be h(-4). Suppose 5*b - 327 = 168. Let t = b + a. Calculate the greatest common divisor of 7 and t.
7
Suppose -4*u + 3*r + 57 + 216 = 0, 0 = -5*u - 4*r + 380. Calculate the highest common divisor of 48 and u.
24
Suppose -j - 11 = -2*j. Let i be (j - -19)*2/4. What is the highest common factor of 15 and i?
15
Suppose 5 = -q - 0*q, -3*w + 31 = -5*q. Let p be (-2 - -1)/(w/(-28)). What is the highest common divisor of p and 154?
14
Suppose 0 = -2*y - 0*v + 3*v + 174, 4*y - 334 = -v. Suppose -2*f - 2*f = -84. Suppose 2*a - f = 3. Calculate the greatest common divisor of y and a.
12
Let o = -7 + 4. Let j be o/2*(-15 + 3). What is the highest common divisor of j and 12?
6
Suppose -63 = -2*i + 213. Let x = 223 - i. Calculate the greatest common divisor of 34 and x.
17
Let r(u) = -2*u + 4. Let g be r(-8). Let l(m) = -m**2 + 9*m - 4. Let i be l(8). Suppose -112 = -i*w + 8. Calculate the greatest common divisor of w and g.
10
Let k = 4 - 1. Suppose 2*x - 5*n + 105 = 7*x, 0 = -k*x - 5*n + 63. What is the greatest common divisor of x and 3?
3
Let j(r) be the third derivative of r**6/120 + r**5/30 - r**4/12 - r**3/3 + 6*r**2. Let b be j(2). Calculate the highest common divisor of 40 and b.
10
Let v(w) = -w**2 + 9 - 9 - 15*w**3. Let l be v(-1). Let i = l - 9. What is the greatest common divisor of i and 45?
5
Suppose d - 18 = -d. Let f be 6/(-9)*(-15)/(-2). Let s be f/(3/((-18)/5)). Calculate the highest common divisor of s and d.
3
Suppose 2*a = -5*z - 12 + 231, -z + 51 = -2*a. Suppose 5*w - 5 = z. Suppose o = -y + 13, 2*o - 3*y - 11 = w. What is the greatest common divisor of o and 4?
4
Let j(i) = 3*i - 5. Let m be j(5). Let b(f) = 5*f**2 + 4*f**2 - 6 + 4 + f**3 + 5*f + f. Let u be b(-6). What is the greatest common factor of m and u?
10
Suppose -g + 6 = -54. What is the greatest common divisor of g and 20?
20
Suppose m - 4*h = 68, 0 = 4*m + 4*h - 5*h - 227. Calculate the highest common divisor of 8 and m.
8
Let b(a) = 2*a**2 - 3*a - 1. Let f be b(-2). Calculate the highest common factor of f and 13.
13
Let z(t) = t**3 + t**2 - 4*t - 10. Let n be z(-4). Let q = 247 + -100. Let g = n + q. Calculate the greatest common divisor of 15 and g.
15
Suppose 711 - 106 = 5*c. Let z(x) = 13*x + 2. Let a be z(4). Suppose 5*w - 1 - a = 0. Calculate the highest common divisor of c and w.
11
Let g(z) = -z**2 - 8*z - 7. Let f be g(-5). What is the greatest common factor of f and 88?
8
Let f = -12 - -2. Let k = 20 + f. Suppose -h = 3*h - 40. What is the greatest common factor of k and h?
10
Suppose 973 = 4*t - 3*y - 113, 2*t - 5*y - 550 = 0. What is the highest common divisor of t and 30?
30
Suppose -5*d = -3*a - 64, 0 = d - a - 12 - 0. What is the greatest common factor of d and 49?
7
Let c = 7 + 3. Let k be (c/(-8))/(1/(-4)). Suppose -u + 28 = k*l - 7, -9 = -3*l. Calculate the greatest common divisor of u and 4.
4
Suppose 3*f = 5*z + 143, -5*f = z - 137 - 92. Suppose m - 1 = -3*d - 0, 2*m - 5*d - f = 0. What is the highest common factor of 104 and m?
13
Suppose 5*f + 3*m = 487, f + 3*f - 384 = -m. Calculate the greatest common factor of f and 19.
19
Let t = -52 + 70. Calculate the greatest common factor of t and 30.
6
Suppose k = -2*k + 9. Suppose -k*y + 18 = -0*y. What is the greatest common divisor of 2 and y?
2
Suppose -4*l + 0*l = -76. Let n be -72*-1*(-2)/(-4). Let u = -17 + n. What is the highest common divisor of u and l?
19
Suppose -33 = -3*n - 6. Suppose -5*l = 20, 4*q + l + l - 28 = 0. Calculate the highest common factor of n and q.
9
Let q be (-13)/3 - 4/6. Let c be (q*(2 - -1))/(-1). Suppose -9 = -4*t + c. Calculate the greatest common factor of t and 9.
3
Let o = -18 + 54. Suppose -2*i + 5*u - 12 = 0, 0*i - 3*i + 20 = 2*u. Suppose 7*m - i*m - 27 = 0. Calculate the highest common divisor of o and m.
9
Let b be 2*(31/14 + (-10)/(-35)). Calculate the greatest common divisor of b and 10.
5
Let c(d) = 4*d**3 - 17*d**2 - 8*d + 3. Let j be c(6). What is the highest common factor of 23 and j?
23
Suppose -p = -5*m - 27, 0*p + 2*p - 3*m - 26 = 0. Let b(i) = -2*i + 5. Let h be b(4). Let u = h + p. Calculate the highest common divisor of u and 8.
4
Let q be (5 + -2)*(-1 - 10/(-3)). Let t be (-70)/(-4)*4/2. What is the highest common divisor of t and q?
7
Let h = 65 + -60. Let r = 415 + -257. Let a be (-3)/(-6) + r/4. Calculate the highest common divisor of a and h.
5
Let x(k) = k**3 + 14*k**2 - 15*k + 7. Let t be x(-15). Calculate the highest common divisor of 7 and t.
7
Suppose 0 = 5*n - 97 + 27. Let f = 21 + n. What is the greatest common divisor of 14 and f?
7
Let d = -8 - -4. Let z be 1/d + (-63)/(-28). What is the greatest common factor of 2 and z?
2
Let t be 4/(-22) + (-8)/(-44). Suppose 6*u - 2*u - 68 = t. Suppose -k + 3*l = -u, 1 = 2*k + l + 2. What is the highest common divisor of 2 and k?
2
Suppose 140 = 5*j + 5*q, 4*q = 5*j - 46 - 94. Calculate the highest common divisor of 308 and j.
28
Suppose w + 3*t = 2*w - 114, -5*w - t = -602. Suppose -2*o = 2*o - w. Calculate the greatest common divisor of 15 and o.
15
Suppose -41*o = -36*o + 40. Let t be (30/o)/((-10)/400). Suppose b = p - 3*b - 7, -3*p - 4*b + 53 = 0. Calculate the greatest common divisor of t and p.
15
Let u(l) = l**2 + 5*l + 3. Let h = 4 + -9. Let w be u(h). Let c = -3 - -12. What is the highest common divisor of w and c?
3
Suppose -65*o - 42 = -68*o. Calculate the highest common divisor of 84 and o.
14
Suppose -5*l - 9 = -6*l. Let m = -8 - -17. Calculate the highest common factor of m and l.
9
Suppose -42 = 2*s - 172. Let q be 4/(2/13 - 0). Calculate the greatest common factor of s and q.
13
Suppose -157 = 10*a - 1207. Calculate the highest common factor of a and 15.
15
Let p(w) = w**2 + 3*w. Let a be p(-3). Suppose 4*v - 6*v + 36 = a. Calculate the greatest common divisor of 6 and v.
6
Suppose 3*o - 4 = 2. Let t be o/3 + (-208)/(-12). Let b be 189/t - (-1)/2. What is the highest common factor of b and 11?
11
Suppose f + 3*u - 227 = -48, -5*f + 877 = -3*u. Calculate the highest common factor of 16 and f.
16
Let a = 10 + -8. Suppose -5*i = 2*d + a*d - 35, -2*d - 3*i = -19. Calculate the greatest common factor of 35 and d.
5
Let w = -159 - -259. Let j(a) = 9*a**2 - 2*a. Let x be j(-2). Calculate the greatest common factor of w and x.
20
Let d = -17 + 48. Let v = d + -18. Let x be 76/6 - (-1)/3. Calculate the greatest common factor of x and v.
13
Suppose s + 20 = 2*s. Let l be (s/(-3) + 0)*-3. Let x(v) = -v**3 - 5*v**2 - 6*v. Let r be x(-5). Calculate the greatest common divisor of l and r.
10
Let x be 91/5 + (-1)/5. What is the highest common divisor of 9 and x?
9
Let l be 8/(-3)*(-300)/80. Calculate the highest common factor of l and 90.
10
Let m = 6 - 4. Suppose -m*w - p = -65, 2*w = -w - 5*p + 101. Let n = -42 + 90. What is the highest common factor of w and n?
16
Suppose -6*f - 3 = -7*f. What is the greatest common factor of 2 and f?
1
Let s(f) = 2*f + 56. Let y be s(-17). Calculate the highest common divisor of 11 and y.
11
Suppose -5*s + 5*t = -105, 0 = 3*s - 2*s - 3*t - 23. Suppose -5*f = -4*j + 45, 5*f = j - 2*j - s. What is the greatest common divisor of 45 and j?
5
Let w(s) = 12*s**2 - 5. Let q be w(-4). Let d be q/9 - 8/(-36). What is the highest common factor of 14 and d?
7
Let v = 3 - 7. Let r be v/(-4) - 3/(-1). What is the highest common